0, -18 = -2*q + 3*f. Calculate y(q).
1
Let j(c) = -2*c - 6. Let w = 78 - 131. Let p = 49 + w. Calculate j(p).
2
Let p(m) = -3*m - 16. Let y be -4 - ((4 - 5)*-2 + -1). Determine p(y).
-1
Let q(r) = -r**3 - 11*r**2 + 12*r + 16. Let n = 407 + -419. Calculate q(n).
16
Let c be -2*(3 - 2) + -3. Let y(a) be the third derivative of a**6/120 + a**5/15 - a**4/4 + a**3/3 - 4*a**2 - 5. Calculate y(c).
7
Let n(x) = -5*x - 7*x**2 + 0*x**2 + 3*x**2 + 3*x**2. Let o be (0 + -1)/((40/8)/35). Give n(o).
-14
Let g(f) = f + 2. Let a(u) = 9*u - 92. Let z be a(10). Calculate g(z).
0
Let d(t) = 5*t + 1 - 3 + t**2 + 5. Suppose 34*l = 39*l + 20. Calculate d(l).
-1
Let l be 2/(-5) - 17/(-5). Suppose -7*v + 3*v + z - 13 = 0, -5 = -5*v - l*z. Let g(w) be the first derivative of -5*w**2/2 + w + 2. Calculate g(v).
11
Let c(v) = v**2 + 11*v + 5. Let t be c(-11). Suppose g - t = -2. Let u(b) = -b**3 + 0*b**g - 60 + 69 + b**2. What is u(0)?
9
Let q = 11 - 8. Let b(t) = -t**2 + 5*t - 3. Let r be b(q). Suppose -x = -r*p - 6*x, -3*x = -p. Let i(v) = v - 1. Give i(p).
-1
Let v(k) = k**3 + 10*k**2 - 2*k - 3. Let o(u) = -u**3 - 9*u**2 + 2*u + 3. Let l(p) = -7*o(p) - 6*v(p). Let c = -142 - -139. Give l(c).
3
Let h(b) = 2*b**2 - 11*b + 5. Let u(i) = -2*i**3 - 7*i**2 - 8*i + 1. Let k be u(-2). Give h(k).
0
Suppose 0 = c - 4*h + 15, 4*c + 13 = c + 4*h. Let q(p) = -16*p**3 + 2*p**2 - 2*p + 1. Give q(c).
-15
Let a(m) = -5*m + 23. Let n(f) = -4*f + 24. Let x(g) = 2*a(g) - 3*n(g). Determine x(10).
-6
Let c(r) be the second derivative of r**5/20 + 5*r**4/12 + r**3/2 + 7*r**2/2 - 443*r. Let w(u) = -u**3 + 5*u**2 - u. Let q be w(5). Calculate c(q).
-8
Let y(a) = -7*a + 1. Let t be (18/6)/((-6)/8). Let d be (-3 - -3 - t)/1. Suppose 3*f = -d*c + 23 - 7, 0 = 4*c + 5*f - 24. Determine y(c).
-6
Suppose -v - 7 = -6. Let z(c) = -6*c**2 - 13*c**2 + c + 21*c**2 + 1. Determine z(v).
2
Suppose -k = 3*g - 5, 6*k - 6 = 4*k - 2*g. Let n(y) = -3*y + 2*y + y**3 + 39*y**2 - 6 - 39*y**k. What is n(0)?
-6
Let c(x) be the second derivative of x**4/12 + x**3/3 + x**2/2 - x. Let v = -314 - -310. Calculate c(v).
9
Let w(p) = p**2 - 5*p + 1. Let l(i) = -7*i**2 + 38*i + 1. Let c(t) = l(t) + 6*w(t). What is c(6)?
19
Let d(k) be the first derivative of -k**4/4 + 10*k**3/3 - k**2/2 + 5*k + 32. Let h(y) = 6*y + 10. Let p be h(0). What is d(p)?
-5
Suppose -5 - 6 = -2*o + m, 4*o - 31 = -m. Suppose 3*p - 50 = -o*p. Let c(u) = -u + 2. Calculate c(p).
-3
Let w be (-2)/((-8)/6)*-2. Let q = 0 - w. Let r be q + (-2 - -4) + -2. Let d(l) = l**2 - 5*l + 3. What is d(r)?
-3
Let g(u) = -14*u + 7. Let t(k) = -2*k + 2. Let a(m) = g(m) - 6*t(m). Suppose -i = 3*o - 3 - 2, -4*i + 2*o = 22. Calculate a(i).
3
Let x(f) = -f**3 + 2*f**2 + 1. Suppose 10*r + 3 - 23 = 0. Calculate x(r).
1
Let u(k) be the third derivative of 2/3*k**3 + 0 + 0*k + 2*k**2 + 1/8*k**4. Let n be ((-8)/20)/((-3)/(-30)). What is u(n)?
-8
Let a(i) be the second derivative of -i**5/20 - i**4/4 + i - 5. What is a(-3)?
0
Let m(x) be the third derivative of x**6/720 + x**5/40 + 11*x**4/24 + x**2. Let j(c) be the second derivative of m(c). Give j(-4).
-1
Let l(k) be the second derivative of -k**5/20 - 3*k**4/4 - 2*k**3/3 + 11*k**2/2 + k - 132. What is l(-8)?
-21
Let z(t) = -t**3 - 2*t**2 + 2*t + 1. Let s = -65 - -77. Let c(k) = 2*k**2 - 25*k + 9. Let m be c(s). Calculate z(m).
4
Let x(y) = 3*y**2 + 7*y - 13. Let m(c) = 2*c**2 + 5*c - 9. Suppose 2*n + 5*t - 4*t = -8, 3*n + 5*t + 5 = 0. Let w(h) = n*x(h) + 7*m(h). Calculate w(0).
2
Let n(b) = -b**2 - 7*b + 12. Let v = 99 + -43. Let r = v - 65. What is n(r)?
-6
Let f(o) = -98 + 96 + 2*o**2 - o**2. Let s(n) be the second derivative of -n**4/6 + n**3/2 - n**2/2 - n. Let y be s(2). Give f(y).
7
Let q = -9 + 9. Let z be q/(-1 - -5 - 2). Let m(v) = -v**2 - 11. Calculate m(z).
-11
Let g(a) be the second derivative of -a**3/6 - 9*a**2/2 - a. Suppose -2*k + 5*u + 1 = 0, 0*u - 5 = -k + 4*u. Determine g(k).
-2
Let x = -96 - -98. Let o(w) = 6*w - 11. Determine o(x).
1
Let u = -8 + 9. Let r = u + -1. Let x(k) = -k - 9. Calculate x(r).
-9
Let m(p) be the second derivative of 0 - 4*p**2 - 14*p + 1/6*p**3. What is m(0)?
-8
Suppose 3*m + 2*x = -7 + 21, m = 2*x - 6. Let z(u) be the third derivative of u**6/120 - u**5/12 + u**4/6 - u**3/3 + 7*u**2 + 85*u. Calculate z(m).
-6
Suppose 0*h = -5*h - 100. Let i = h + 19. Let l(v) = -v**2. Let n(g) = -7*g**2 - 3*g - 2. Let k(f) = i*n(f) + 6*l(f). What is k(-3)?
2
Let b(o) = o - 1. Suppose 25 = m + 4*m. Suppose -3*j - 12 = 0, m*j + 20 + 30 = 5*c. What is b(c)?
5
Let r(k) be the first derivative of k**5/60 - 5*k**4/24 - 5*k**3/6 + k**2 + 4. Let x(j) be the second derivative of r(j). Calculate x(5).
-5
Suppose 0 = -9*a + 55 - 91. Let q(s) be the third derivative of s**6/120 + s**5/15 - s**4/8 + s**3/6 + s**2. Give q(a).
13
Let h(d) = 3*d**2 + d + 4. Let a(o) = -6*o**2 - 2*o - 7. Let p(y) = -3*a(y) - 5*h(y). Calculate p(-4).
45
Let v(c) = 25*c**2 - 2*c + 1. Let p be v(1). Suppose 4*u - p = -4*u. Let w(g) = -g**3 + 4*g**2 + g - 3. Calculate w(u).
9
Let h(b) = 4*b + 3. Let o(d) = 29*d + 20. Let m(n) = -14*h(n) + 2*o(n). Calculate m(-7).
-16
Let t(i) be the third derivative of -i**7/2520 + i**6/180 + 7*i**5/30 + 14*i**2. Let q(a) be the third derivative of t(a). Calculate q(5).
-6
Let i(t) = 20*t**2 - 15*t - 128. Let w(h) = -7*h**2 + 5*h + 44. Let r(v) = 6*i(v) + 17*w(v). Calculate r(8).
4
Let y(b) = -2*b**3 + 19*b**2 + 6*b + 13. Let k(l) = 3*l**3 - 28*l**2 - 10*l - 20. Let h(i) = 5*k(i) + 8*y(i). Give h(12).
-20
Let a(r) = -r**2 + r - 3. Let p(x) = -3*x**2 + 4*x - 3. Let v(y) = 2*a(y) - p(y). Suppose -3*g + 4*g = -2. Determine v(g).
5
Let f be (-1)/5 + 6 + (-116)/20. Let q(t) = -2 - 3 - 10*t + f + 4. Calculate q(1).
-11
Let o(h) = -h**2 - 10*h + 12. Suppose 0 = -4*a + 25 - 65. Let v be (a/(-6))/(7/(-42)). Give o(v).
12
Let c(p) = -p + 2. Let z = 6 + -2. Suppose 2*v - 12 - z = 0. Give c(v).
-6
Let d = -9 + 11. Let f(g) = 2 - 2*g**d + 0*g**2 - 2*g + g**2 + g**3 - 1. Let p(y) = -y**2 - 2*y + 2. Let k be p(0). What is f(k)?
1
Let k(h) be the first derivative of -h**3/3 + h**2 - 3*h + 89. Suppose -j + 2 + 2 = -b, -4*j = 3*b - 2. Determine k(j).
-3
Let t(w) be the third derivative of -w**5/60 - w**4/4 - 3*w**3/2 - 30*w**2 - 1. Determine t(-7).
-16
Let i(f) = f - 10. Suppose 0 = 3*o + 2*r - 52 + 77, 4*r = 4*o. Calculate i(o).
-15
Let g(t) = 2*t**3 + t. Let m(s) = 5*s**3 + 7*s**2 - 4*s + 10. Let q(a) = 2*g(a) - m(a). Give q(-8).
6
Let n(w) = -w**2 + 3*w + 6. Let l = 5 + -2. Suppose -l*j = -3 - 12, 0 = r - 4*j + 15. Give n(r).
-4
Let v(i) be the third derivative of -i**5/20 - i**4/6 + 12*i**2 - 2. What is v(-3)?
-15
Let o(k) = 5*k. Suppose 14 = -3*h - 46. Let a be (-7)/5 + (-8)/h. Let m be o(a). Let b(v) = v**2 + 5*v + 3. Determine b(m).
3
Suppose -p + 0*p = 2. Let t(u) = -u**2 + 2*u + 2. Calculate t(p).
-6
Let x(i) be the first derivative of i**4/4 + 2*i**3 + 6*i - 27. Let w(g) = g**2 + 5*g + 2. Let a be w(-5). Suppose -j - 18 = a*j. What is x(j)?
6
Let t(f) = 2*f. Let z = 230 + -232. Determine t(z).
-4
Let t(l) = -l**2 + 5*l - 2. Let u = -26 - -34. Let b be ((-26)/u)/((-6)/48). Let i = b - 21. What is t(i)?
-2
Let h(j) be the second derivative of -j**6/120 - j**5/12 + j**4/4 + 7*j**3/6 - 33*j**2/2 - j. Let t(f) be the first derivative of h(f). Determine t(-5).
-23
Let m = -29 - -31. Let h(v) = 177*v**m - 188*v**2 - 3*v + 4*v. Let f(k) = k**3 - 13*k**2 + k - 12. Let w be f(13). What is h(w)?
-10
Let k(h) be the second derivative of h**5/20 + h**4/2 - h**3/6 + 2*h**2 - 64*h. Determine k(-6).
10
Let z(q) be the third derivative of q**4/24 - q**3/6 + 379*q**2. Determine z(10).
9
Let o(d) be the second derivative of d**5/20 + 5*d**4/12 + 7*d**3/6 - 3*d**2/2 + d + 4. Determine o(-4).
-15
Let o(z) be the first derivative of -13*z**4/4 - 2*z**3/3 - z**2/2 - 462. Give o(-1).
12
Let a(n) = 59*n**2 - 3*n - 4. Let v be a(2). Let d(k) = v*k - 218*k + 8 + k**2 + 1. What is d(-6)?
-3
Let y(m) = m**3 + 7*m**2 + 4*m + 89. Let c be y(-8). Let v(x) = -2*x**2 - 5*x + 5. What is v(c)?
-58
Let h be (-15)/10*2 + 4. Let o = h + 2. Let m(d) = d**2 - d + 1. Determine m(o).
7
Let b(h) = 9*h**2 - 25*h + 26. Let f(n) = -4*n**2 + 12*n - 13. Let p(r) = 3*b(r) + 7*f(r). Calculate p(10).
-23
Let b(o) = 2*o**2 - 6*o + 6. Let j(t) = -t**2 - 3*t +